 Let b(t) = 2*t**2 + 15*t + 6. Let v be b(-7). Let j be v/(4/(-8) + 0). Suppose -j = -3*x - 17. What is s(x)?
8
Suppose 20*m - 23*m + 1 = -o, -3*o - 17 = -2*m. Let f(x) be the third derivative of x**4/8 + x**2. Calculate f(m).
-6
Let a(o) = -7 + 102*o - 2467*o**2 + 2494*o**2 - 66*o + 2*o**3. Determine a(-12).
-7
Let x(c) = 36*c - 400. Let n = 7612 + -7601. Give x(n).
-4
Let p(t) = -2*t + 4. Suppose -4*j = 15*j - 76. Suppose -2*z = j*y + 26, y = -4*z - 14 - 10. What is p(z)?
14
Let s(x) = x**3 + 9*x**2 - 12*x - 8. Let o(h) = 2*h + 6*h + 3 - 7*h - 4. Let a be o(-9). Calculate s(a).
12
Let a(d) = d**2 + 6*d + 7. Suppose 427 = 5*v - 2*z - 175, -605 = -5*v + 5*z. Suppose 18*m - v = 15*m. Let x be -4 - -7 - m/5. Determine a(x).
2
Let q(h) be the third derivative of h**6/180 - h**5/120 + h**4/24 + 31*h**3/3 - 26*h**2. Let a(v) be the first derivative of q(v). What is a(2)?
7
Suppose -r - 4*a = -4*r - 16, 4*a - 16 = -r. Let y = -6 - r. Let d(k) = 0*k**2 + 9*k + 5 + k**3 + 4*k**2 - k**2 + 4*k**2. What is d(y)?
-13
Let t(d) = 3*d - 3. Let x(i) = 6*i + 35. Let m be x(-19). Let g = 63 + m. Let h = g + 12. What is t(h)?
-15
Suppose 18*v = 16*v + 18. Let i(r) = -r**3 + 9*r**2 - 6*r - 20. Let f be i(v). Let j = -75 - f. Let l(n) = -4*n**3 - n**2. Give l(j).
3
Let c(i) be the first derivative of -38 + 12*i + 1/2*i**2 + 17/3*i**3 + 1/4*i**4. Give c(-17).
-5
Suppose 5*u - 34 = 2*v + 18, 0 = 2*u + v - 10. Let q(x) = -1 - x**2 + 6*x + 2 + 6. Calculate q(u).
-9
Let c(l) = 15*l**2 - 3. Let g(d) = -59*d**2 + d + 13. Suppose 0 = -134*p + 131*p + 6. Let a(z) = p*g(z) + 9*c(z). Determine a(1).
18
Let i(d) = -d**3 - 2*d**2 + 7*d - 5. Let o be i(-4). Let n(k) be the first derivative of 2*k**2 - 50 - 24*k + 10*k + 9*k + 6*k. Calculate n(o).
-3
Let p(h) = 37*h - 4. Let s(l) = -258*l - 41. Let u(m) = 6*p(m) + s(m). Calculate u(-4).
79
Let i be 5 + -2 - (5 - 6)*63. Let q = 27 - i. Let u = q - -35. Let x(z) = -2*z - 5. What is x(u)?
3
Let z(y) = y**3 + 14*y**2 + 5*y + 1. Let r(g) = g**2 + 22*g - 1117. Let i be r(24). Give z(i).
105
Let t(y) = 192*y - 1 - y**2 + 215*y + 215*y - 629*y - 2. Let p(m) = 2*m - 1. Let z be p(-1). Give t(z).
9
Let s = 7582 - 7575. Let o(p) = p**3 - 7*p**2 + 4. Determine o(s).
4
Let s(i) = i**3 + 8*i**2 - i + 6. Let h = 5022 - 5028. Give s(h).
84
Let s(h) = h - 223 - 2*h + 8*h**2 + 224. Let w = -398 - -399. What is s(w)?
8
Let n = -25 + 20. Let o(q) = -q**3 - 6*q**2 - 11*q - 25. Calculate o(n).
5
Let y(w) = -66*w + 9. Let j(p) = 5*p - 3. Let m(h) = -8*j(h) - y(h). Calculate m(-1).
-11
Suppose 9 = -3*o - 0*s - s, 0 = 2*s. Let h be 3/((o/(-10))/(2/10)). Let t(d) = 9 - 5 - 5 + d**3 + 4*d**h - 4*d + 3. What is t(-5)?
-3
Let l(a) = -57059 - 106*a + 65*a + 57047. Determine l(-4).
152
Let v be ((-4)/(-3) - 1)*3. Let m be (47/47)/(2/32). Let y(r) = r + 25 + 6*r**3 - 8 - 3*r - m. Determine y(v).
5
Suppose 0 = -3*d - 12 - 6. Let f(c) = 10 - 3 - 34 + 5*c + 38 + 6. What is f(d)?
-13
Let c = 11 - 6. Suppose -c*w - x + 5 = -w, -w + 2*x + 8 = 0. Let n(o) = 0*o - 5 + 1 + 1 - 3*o**w + 2*o - o**3. What is n(-4)?
5
Let d(f) = 3*f**2 - 798*f + 1595. Let g be d(2). Let q(t) = 18*t - 67. Determine q(g).
131
Let a(k) = k**3 + 7*k**2 + 3*k - 5. Let y be (-2)/(-10) + (-7)/35 - -177. Suppose -i - y = -4*i. Let b = -66 + i. Determine a(b).
-26
Let p(g) be the first derivative of g**7/420 + g**6/360 + g**5/120 + g**4/12 - 116*g**3/3 + 115. Let k(s) be the third derivative of p(s). Calculate k(2).
24
Let f(i) be the third derivative of -i**5/60 - i**4/2 - 5*i**3/6 - 17*i**2 - 6. Give f(-14).
-33
Let p(i) = -23*i**2 - 3*i + 12. Let g(m) = -6 + 65*m - 63*m + 2*m**2 + 2*m**2 + 6*m**2. Let o(z) = 7*g(z) + 3*p(z). What is o(-6)?
0
Let h(l) = -l + 3. Let m = 185 - 185. Suppose -50*i + 47*i + 12 = m. Give h(i).
-1
Suppose -5*t - 27 = 2*n, -36 = 2*n + n + 3*t. Let l(f) = 2*f. Let u(r) = 5*r + 15. Let y(m) = 2*l(m) - u(m). Give y(n).
-4
Suppose -s - 3 = 8. Let w(k) be the second derivative of -k**5/20 - k**4 - 3*k**3/2 + 12*k**2 + 26*k + 21. Calculate w(s).
2
Let d(x) = 12*x - 5. Let t(a) = 23*a - 9. Let o be (459/(-18))/(-17)*(-1 + 9). Suppose -14*q = -o*q + 22. Let w(f) = q*d(f) + 6*t(f). What is w(4)?
25
Let p(g) = -3*g - 12. Let n(w) = -36*w**2 + 9264*w - 9263*w - 3 - w**3 + 35. Let r be n(-36). Determine p(r).
0
Suppose 34*c - 5*c = 116. Let w(m) = -m**2 + 0*m + 6 + m + 0*m - c*m. Let t = -18 + 13. Calculate w(t).
-4
Suppose -5*g - 77 = -62. Let f(u) = -21*u - 57. Let r be f(g). Let h(t) = -2*t**2 + 10*t - 6. What is h(r)?
-18
Let v(a) = -75*a - 1 - a**3 - 86*a - 3*a**2 - 2 - 70*a + 226*a. Determine v(-3).
12
Let r(h) = -h**2 - 7*h. Let y(m) = -m**3 - 25*m**2 + 17*m - 76. Let n be y(-26). Let l be 6/(-60) - n/40*2. Give r(l).
-8
Let i(r) be the second derivative of r**5/20 - 3*r**4/4 + 3*r**3/2 - 3*r**2/2 - 2*r + 55. Let w = 18 + -11. Let j = w + 1. What is i(j)?
5
Let v(s) = s**3 - 12*s**2 + 2*s - 17. Let x(y) = 12*y - 131. Let n be x(17). Let j = n + -61. Calculate v(j).
7
Suppose 48*u = 4*v + 44*u - 48, -7*v + u - 18 = 0. Let k(w) = 2*w - 1 + 3*w + 6 + w**2. What is k(v)?
5
Let b be 184/6 - (-1)/3. Let u(r) = 109*r - 38*r - b*r + 1 - 34*r. What is u(3)?
19
Let t(j) = j + 3. Let p be (4/6)/((-2)/6). Suppose 1088 - 944 = 12*l. Let v be (5/p)/(-1)*l/(-6). Determine t(v).
-2
Let j(h) = -h**3 + 15*h**2 - 2. Let s(n) = -n**3 + 30*n**2 - n - 5. Let m(d) = 2*j(d) - s(d). Let f = -15 + 17. Give m(f).
-5
Let v be ((-54)/675)/((-9)/(-15)) + 608/60. Let l(z) = 2*z**2 - 21*z + 14. Determine l(v).
4
Suppose 5*j + 100 = 7*j. Let d(g) = j*g - g**2 - 19*g - 26*g - 1. What is d(6)?
-7
Let x be (-1 + 3/4)/(349/(-6980)). Let y(p) = -p**3 + 14*p**2 - 44*p. Determine y(x).
5
Let k(m) = 5 - 10054*m - 6 + 10053*m. Suppose 0 = 6*o - 11*o - 5. Let j be o/(1 + 0) - -4. Calculate k(j).
-4
Let a(p) be the first derivative of 27*p**2 - 2*p - 1414. Give a(-1).
-56
Let d(f) = f**3 - 8*f**2 + 6*f + 1. Let m(w) = -w**3 + 17*w**2 - 21*w - 9. Let z be m(16). Let c = -61 - z. Suppose 5*i - i = c. Calculate d(i).
-6
Let h(v) = 2*v + 7. Suppose 38*n = -596 + 102. What is h(n)?
-19
Suppose 215*o + 1 - 3 = -2. Suppose 0 = g + x - 3*x + 3, 3*g - 21 = -4*x. Let y(r) = -g*r + 4*r + 0*r - 22. What is y(o)?
-22
Let t be -21 + 9 + 13 - 2/(-4). Let j(n) be the second derivative of -22*n + 0*n**3 - t*n**2 + 0 + 1/12*n**4. Calculate j(3).
6
Let f(z) = -z**3 - 2*z + 2. Let s = 1603 - 1601. What is f(s)?
-10
Suppose 0 = -5*s - 18 + 48. Let b(k) = -2 - 1 - 1 - 9*k + s. Let p = -142 + 144. Calculate b(p).
-16
Suppose -73*a = -84*a - 0 + 55. Let t(c) = -8*c + 3. What is t(a)?
-37
Suppose -2*z + 6*z - 44 = 0. Suppose 18 - z = -7*s. Let d(j) = -j - 2*j**2 - 3*j**2 + j + 1. Calculate d(s).
-4
Let y(v) = -11*v**2 + 5*v + 1. Let n(j) = -4*j**2 + j. Suppose 50*i - 29*i + 21 = 0. Let f(m) = i*y(m) + 3*n(m). Give f(-3).
-4
Let w(z) = -z**2 + 30*z + 1. Suppose 0 = -5*p + 703 - 553. What is w(p)?
1
Let l = -37 - -73. Let y = -30 + l. Let n(b) = -13842*b**3 - 7*b**2 - 8 + 13843*b**3 + 2*b + 3*b. Give n(y).
-14
Let l(o) be the second derivative of -4*o**2 + 1/24*o**4 + o + 0*o**3 + 0. Let x(m) be the first derivative of l(m). Calculate x(-5).
-5
Let l(a) be the third derivative of a**6/40 - 23*a**5/60 - a**4/4 - 7*a**3/6 - 119*a**2 - a. Give l(8).
9
Let o(b) be the second derivative of b**3/6 + 7*b**2/2 - 1439*b. Determine o(-4).
3
Let b(u) be the second derivative of -36*u - 1/2*u**2 + 1/3*u**3 + 0. Suppose 5*r + 3*l + 18 = r, l - 32 = 5*r. What is b(r)?
-13
Let c(h) = h**3 + 6*h**2 + 4*h + 6. Let u(j) = -j**3 - 10*j**2 - 4*j - 5. Let b be u(-9). Let m be (b - -45)*(1 - -1)/2. Determine c(m).
11
Let t(f) = f**2 + 6*f + 1. Let v(u) = u - 1. Let k be v(4). Let z = 185 + -176. Let b be 2 + (k - 3) - z. Give t(b).
8
Let a(f) = -f**3 - 5*f**2 - 6*f - 16. Let s = 2633 - 2637. Calculate a(s).
-8
Let i(u) = -12*u - 44. Let s(q) = 445*q - 1784. Let z be s(4). Give i(z).
4
Let d(x) = 559 + 23*x**3 - 6*x**2 - 6*x**3 - 557 + 3*x**2 + 15*x**3. Determine d(1).
31
Let a(r) be the first derivative of -2/3*r**3 + r**2 - 180 - 3*r. Calculate a(5).
-43
Let l(k) = 5*k**3 - 7*k**2 - 6*k + 5. Let q(u) = 4*u**3 - 7*u**2 - 6*u + 5. Let m(j) = -5*l(j) + 6*q(j). Let s be (12 + -1)*(-468)/858. Determine m(s).
5
Let t(u) = -u**3 + 21*u**2 + 7*u - 148. Let x be t(21). 